+ s - 3. Let h(r) = -r**2 + r - 1. Let t(l) = -f(l) + 4*h(l). Calculate t(x).
-3
Let q(p) = p**2 - 2*p + 4. Let c(t) = 2*t + 8. Let u(n) = 2*n + 7. Let m(l) = -6*c(l) + 7*u(l). Let k be m(4). Suppose 3*w + 0*w = k. Determine q(w).
7
Suppose 3*q = q + 10. Suppose q*d = 5*m - 24 - 16, 0 = -4*m + 16. Let n(s) = -2*s**2 - 3*s + 2. Give n(d).
-18
Let z(p) = -91*p - 98*p - 18 + 282*p - 96*p. Determine z(-11).
15
Suppose 4*u = s - 0*u - 8, -14 = 2*s + 2*u. Let m(y) = 2*y - 4*y - 2*y - y**2 + 0*y - y - 1. Calculate m(s).
3
Let l be (748/6)/(4/6). Suppose 4*g - 225 = 2*j + 27, 3*g - j = l. Let x(s) = -s**3 - 6*s - 4*s**2 - 2*s**2 - 60 + g. What is x(-5)?
6
Let m(g) = -g**3 + 5*g**2 - 3*g. Let z be ((-7)/(35/90))/(-2). Let f be -3*12/z + -18. Let y be (4/(-5))/(f/55). Determine m(y).
6
Let h(o) = -o**3 + 8*o**2 - 8*o - 6. Let v be h(6). Let a(j) = -j**2 + 16*j + 30. What is a(v)?
-6
Let j(q) = 8*q - 2 + 6 + 0. Calculate j(-3).
-20
Suppose 2*r = -o + 7, 0*o + 18 = 5*r + 3*o. Let y(f) = -f + 5. Let i be y(0). Let z(x) = 3 + x + 1 - r - i + x**2. Determine z(0).
-4
Suppose 6*k = 2*k. Suppose 0 = -k*s + 2*s + 3*u + 13, 3*s - 2*u = -13. Let w(x) = -5*x + 2 + 13*x - 5 - 10*x. What is w(s)?
7
Let p(f) = 5*f - 16. Let a be p(4). Suppose -g - a + 9 = 0. Let j(n) = -n**3 + 6*n**2 - 7*n + 3. Determine j(g).
-7
Let z be (-1)/(-2) - (-14)/4. Suppose 0 = z*p - 2*p - 4. Let s = -6 + p. Let a(u) = u**3 + 5*u**2 + 3*u - 4. Give a(s).
0
Let f(s) = -s**3 + 3*s**2 + 42*s - 154. Let r be f(5). Let j(l) = -l + 14. Determine j(r).
8
Let b(g) be the third derivative of g**4/24 + g**3/2 + 13*g**2. Let f(d) = -6*d - 51. Let y be f(-8). Determine b(y).
0
Let w(m) = -m**3 - 8*m**2 + 8*m + 10. Suppose -2*h - 33 = 3*u, u + 24 = -4*h - h. What is w(u)?
19
Let n(b) be the first derivative of -b**3/3 - b**2/2 - 7*b - 177. What is n(-6)?
-37
Let l(s) be the second derivative of s**4/12 - s**3/3 - 25*s**2/2 - 156*s + 2. Calculate l(-3).
-10
Suppose -2*s - 17 - 4 = 3*w, -2*w - 25 = 5*s. Let f(a) be the second derivative of -a**4/6 - 7*a**3/6 + a**2/2 + a + 107. Calculate f(w).
-14
Let c(n) = -n - 1. Let y = 22 + -18. Suppose -5*g - 2*z + 7 = -8, -y*z = 0. Suppose -4*t - 4 = -g*t. Determine c(t).
3
Suppose -t - 17 = -2*r + 3*r, 2*t = -8. Let x(g) = -g - 13. Calculate x(r).
0
Let v(c) = c**2 + 6*c + 1. Let l(a) = a**2 + 5*a + 2. Let b be l(-6). Suppose -w = 2*h + b, 4*w + 19 = 2*h + 3*h. Give v(w).
1
Let o(y) be the second derivative of y**4/12 + y**3/2 - 3*y**2 - 93*y - 2. Give o(2).
4
Let a(i) = -i**3 - 17*i**2 - 6*i - 1. Let w(t) = -3*t**3 - 47*t**2 - 18*t - 1. Let p(l) = -8*a(l) + 3*w(l). Give p(-5).
35
Let g be (-306)/54 + (-4)/(-6). Let n(u) = -12 - 3*u - 2*u**3 + 5*u**2 + 4*u**3 - u**3. Let t be n(g). Let m(r) = r - 3. Determine m(t).
0
Let l(f) = 2*f + 1. Let k(a) = -22*a - 4. Let t(u) = -2*k(u) - 20*l(u). Calculate t(8).
20
Let z(a) = -2 - 10*a - a**2 - 5 + 0*a**2 - 2. Let n be z(-9). Let l be 6 - 4 - 3 - n. Let c(u) = -u - 1. Give c(l).
0
Let o be 2/4 + (-36)/8. Let s be 3 - -3*(o + 3). Let t(k) be the third derivative of k**5/60 - k**4/24 + 5*k**3/6 + 2*k**2. Determine t(s).
5
Let r(x) be the second derivative of -x**5/10 + x**4/6 - x**2 - 23*x - 3. Let v = -2 + 4. Give r(v).
-10
Let a(l) = -l**2 - 7*l - 9. Let c be a(-3). Let i(f) be the third derivative of -1/24*f**4 - f**c + 0 + 0*f + 5*f**2. Calculate i(-3).
-3
Let w(r) = -65*r - 30. Let y(n) = -11*n - 5. Let m(v) = 6*w(v) - 35*y(v). Let g be m(-2). Let i(a) = -g*a**3 + 2 + 2*a**2 + 6*a**3 + 1 - 3*a. What is i(-3)?
3
Let z(f) = -21*f**3 - 2*f**2 - f. Let o = -84 - -231. Suppose -o = -g - 148. Give z(g).
20
Suppose 18 = -2*i - 24. Let o = i - -27. Let j(g) = g**3 - 6*g**2 - 3*g + 6. Calculate j(o).
-12
Let r(o) = -8 + 8 - 4*o - o**2 - o. Let z be 576/(-216) + (-1)/3. Give r(z).
6
Let o(a) = -28*a**3 - 38*a**2 - 9*a + 10. Let w(b) = 13*b**3 + 18*b**2 + 4*b - 5. Let j(d) = 6*o(d) + 13*w(d). Determine j(-6).
7
Let b = -15 + 18. Let i(h) = h + 1. Let v be i(b). Let p = 1 + v. Let n(o) = o**3 - 4*o**2 - 6*o - 1. What is n(p)?
-6
Let r(q) be the first derivative of -q**3/3 - 7*q**2/2 + 9*q - 44. Determine r(-8).
1
Let a(u) = 6*u**3 - 2*u**2 + 2*u + 5. Let q(x) = -x**3 - x - 1. Let z(r) = -a(r) - 3*q(r). Let j be z(1). Let s(f) = -4*f - 3. Determine s(j).
5
Let s(q) = -6*q - 3 + 5*q + 6*q. Calculate s(2).
7
Suppose -l - 2 = -7. Let n(s) = 1. Let b(u) = -u**2 - 1 + 55*u - 103*u + 54*u. Let f(z) = b(z) + 5*n(z). What is f(l)?
9
Let d(q) = -8*q**2 - 2*q + 1. Suppose 12 = 2*r - 0. Let o be 14/r - (-6)/(-18). Suppose c = 2*p + o*c - 5, -c = -3*p. Calculate d(p).
-9
Let h(z) = -z**3 - 6*z**2 + z + 6. Let w be -1 - (3*-2)/(2/35). Let t(d) = -d**3 - 3*d**2 - d. Let v be t(-2). Let n be w/(-16) - 1/v. Give h(n).
0
Suppose k - 1 = -0*k. Suppose -3*t - 2*z + 8 = 0, -3*z + z + 4 = t. Let j(x) = 2*x - 1 - 3*x - 4*x**2 + 3*x**t + 2*x. Determine j(k).
-1
Let w(u) = -3*u**2 + 9*u - 5. Let y(d) = 2*d**2 - 5*d + 3. Let v(t) = 4*w(t) + 7*y(t). What is v(1)?
4
Let f = 65 + -64. Let p(x) = 24*x - 1. Calculate p(f).
23
Let a(d) = -d - 3. Let y be (-3)/6*(-1 - -11). Let l be a(y). Let q(w) = w**2 - 2. Give q(l).
2
Let v(c) = -c**2 - 1. Let i(g) = -7*g**2 - 9*g - 13. Let m = -34 + 40. Let x(h) = m*v(h) - i(h). Give x(-7).
-7
Let j(b) = -43*b**2 + 8 + 42*b**2 - 14*b + 10*b**2 - 2*b**3 + b**3. Determine j(7).
8
Let q be -1 + 6 + (-1 - -1). Let a(c) be the first derivative of -52 + 4*c - 1/2*c**2. Calculate a(q).
-1
Let c(t) = t**3 - 8*t**2 + 9*t - 7. Let v be c(7). Let d(z) = -z + 3. Let f(p) = -2 + 7 - 2*p + 0*p. Let u(y) = v*d(y) - 5*f(y). What is u(-3)?
-13
Let o(k) = -k**3 - 9*k**2 - 11*k + 3. Let h(f) = 3*f**3 + 25*f**2 + 33*f - 7. Let n(y) = -2*h(y) - 7*o(y). Give n(-12).
5
Let i(b) = -3*b**2 + 5*b + 3. Let z be (6/5)/((-1)/(10/4)). Calculate i(z).
-39
Let z(q) = 3*q**2 + q - 5. Let x(s) = s**2 + s - 4. Let c(g) = 5*x(g) - 2*z(g). Calculate c(4).
-14
Let z(d) = -d**3 + 3*d**2 + 3*d - 10. Let h be z(3). Let u(l) = -6*l - 2. Determine u(h).
4
Let k(n) = -2*n + 1. Let x(t) = 12. Let s(u) = -k(u) + x(u). Give s(-6).
-1
Let f(q) be the second derivative of q**5/20 - q**4/4 + 2*q**3/3 - 5*q**2/2 + 49*q. Determine f(2).
-1
Let p(w) be the third derivative of -w**4/6 - w**3/3 + 49*w**2. Calculate p(-3).
10
Let q = -1625 - -1622. Let l(z) = -13*z - 32. Determine l(q).
7
Let q(s) be the third derivative of s**6/120 + s**5/15 - s**4/4 - s**3 - 58*s**2. Determine q(-4).
18
Let f be (-10)/((20/2)/(-5)). Let x(g) be the second derivative of -f*g - 1/2*g**2 + 1/3*g**3 + 0. What is x(-2)?
-5
Let i(k) = 12*k - 3. Let p(q) = 11*q - 2. Let y(h) = -4*i(h) + 5*p(h). Suppose x - 5 = r, 2*x - 7*x - 3*r = -1. Give y(x).
16
Suppose -2 - 6 = -4*c. Let g(t) = t + 2*t + c*t**2 + 3*t**2 - 8*t**2. Give g(2).
-6
Let t(s) = s + 1. Let i(m) = -m**2 - 3*m - 16. Let j(p) = -i(p) - 3*t(p). Let g(c) be the first derivative of j(c). Calculate g(-4).
-8
Let w(f) = f. Let g be (-4 + 7)/(30/(-40)). Calculate w(g).
-4
Let c(r) = 13*r - 1. Let i be 1/(-11) - ((-63)/(-33) - 0). Give c(i).
-27
Let t(c) be the second derivative of -c**4/12 - 2*c**3/3 + 3*c**2 - 3*c. Let g = 115 + -120. Give t(g).
1
Let z(p) = -p**3 + 6*p**2. Let m be ((-24)/20)/(3/(-15)). Calculate z(m).
0
Let o be (7 - (-4 + 6)) + -4. Let m(a) = -6*a**3 - 2*a**2 + 2*a + 4. Let u(t) = -t**2 + t + 1. Let r(p) = -m(p) + 3*u(p). Determine r(o).
5
Let w(b) be the second derivative of b**4/12 - b**3/3 - b**2/2 + 43*b. Give w(-1).
2
Let c = -125 + 49. Let l = 77 + c. Let k(p) = -13*p**3 + p**2 - 2*p + 1. Determine k(l).
-13
Let f(i) = -1 + 0 + 2*i + 3 - 3*i**2. Suppose 8*y = 301 - 285. Determine f(y).
-6
Let z(k) = k**3 + 5*k**2 - k - 5. Let j(o) = -o**2 - 25*o - 150. Let g be j(-9). Give z(g).
-35
Suppose -j + 22 = 4*o, 0 = 13*o - 11*o - 3*j - 18. Let m(b) be the first derivative of -b**4/4 + 7*b**3/3 - 3*b**2 - 8*b - 1. Determine m(o).
-8
Let s = -2427 + 2420. Let v(u) = 12 - u - 12. Give v(s).
7
Let l = -137 - -135. Suppose 2*c + 2 - 10 = 0. Let j be (-12)/c - (-1 + l). Let z(s) = s**2 + s - 12. Calculate z(j).
-12
Let z = 3 - 5. Suppose 3*k - 3*n = 15, -8*k + 2*n = -4*k - 16. Let v(t) = 6 - 3 + 0 - 1 - k*t. Give v(z).
8
Let u(i) = 4*i - 23. Let d(r) be the second derivative of r**3/2 - 21*r**2/2 - 30*r. Let s(b) = 6*d(b) - 5*u(b